{"id":1698,"date":"2019-10-20T07:24:51","date_gmt":"2019-10-20T07:24:51","guid":{"rendered":"http:\/\/www.4sonsafety.com\/?page_id=1698"},"modified":"2024-02-29T16:37:01","modified_gmt":"2024-02-29T13:37:01","slug":"anasayfa","status":"publish","type":"page","link":"https:\/\/www.4sonsafety.com\/","title":{"rendered":"Anasayfa"},"content":{"rendered":"<p>[vc_row][vc_column][vc_separator border_width=&#8221;2&#8243;][\/vc_column][\/vc_row][vc_row][vc_column width=&#8221;1\/2&#8243;]<div class=\"porto-u-heading\" data-hspacer=\"no_spacer\" data-halign=\"center\" style=\"text-align:center\"><div class=\"porto-u-main-heading\"><h2 style=\"\">Irudek Irucheck NFC Sistem KKD Envanter Y\u00f6netimi Yaz\u0131l\u0131m\u0131n\u0131 Kullan\u0131ma A\u00e7t\u0131.<\/h2><\/div><div class=\"porto-u-sub-heading\" style=\"\"><span style=\"font-size: 18px;\">Irudek Group \u0130SG uygulamalar\u0131nda ya\u015fanan envanter say\u0131m\u0131 ve inspection sorunlar\u0131n\u0131 k\u00f6k\u00fcnden kolayca \u00e7\u00f6zebilecek Irucheck NFC Sistem KKD Envanter Y\u00f6netimi Yaz\u0131l\u0131m\u0131n\u0131 tan\u0131tt\u0131.<\/span><\/p>\n<p><span style=\"font-size: 18px;\">Bir\u00e7ok\u00a0 firman\u0131n Ki\u015fisel Koruyucu Donan\u0131mlar\u0131n\u0131n say\u0131mlar\u0131n\u0131n yap\u0131lmas\u0131, periyodik kontrol kay\u0131tlar\u0131n\u0131n tutulmas\u0131 ve takibi konular\u0131na, kesin \u00e7\u00f6z\u00fcm getiren Irucheck uygulamas\u0131 bulut yap\u0131s\u0131 ile, hem Android hem de IOS kullan\u0131c\u0131lar\u0131n\u0131n kullanabilece\u011fi \u015fekilde kullan\u0131ma sunuldu.<\/span><\/p>\n<p><span style=\"font-size: 18px;\">Marka ba\u011f\u0131ms\u0131z olarak Ki\u015fisel Koruyucu Donan\u0131mlar\u0131n\u0131z\u0131 kaydedip kontrol edebilece\u011finiz yaz\u0131l\u0131m\u0131 sat\u0131n almak i\u00e7im bizimle irtibata ge\u00e7ebilirsiniz.<\/span><\/div><\/div>[\/vc_column][vc_column width=&#8221;1\/2&#8243;][vc_video link=&#8221;https:\/\/www.youtube.com\/watch?v=m8i2KNoVfW8&#8243; align=&#8221;center&#8221;][\/vc_column][\/vc_row][vc_row][vc_column][vc_separator border_width=&#8221;2&#8243;][\/vc_column][\/vc_row][vc_row][vc_column width=&#8221;1\/2&#8243;]<div class=\"porto-u-heading\" data-hspacer=\"no_spacer\" data-halign=\"left\" style=\"text-align:left\"><div class=\"porto-u-main-heading\"><h2 style=\"font-weight:bold;color:#626c6e;margin-bottom: 30px;font-size:30px;line-height:34px;\">4SON Safety - IRUDEK T\u00fcrkiye Distrib\u00fct\u00f6r\u00fc<\/h2><\/div><div class=\"porto-u-sub-heading\" style=\"font-weight:500px;margin-bottom:30px;font-size:20px;line-height:22px;\">\n<h3><span style=\"font-size: 18px;\">4SON Safety Eyl\u00fcl 2020 itibariyle Global Ki\u015fisel Koruyucu Donan\u0131m \u00fcreticisi \u0130rudek Group \u0130spanya ile distrib\u00fct\u00f6rl\u00fck anla\u015fmas\u0131 imzalam\u0131\u015ft\u0131r.<\/span><\/h3>\n<h3><span style=\"font-size: 18px;\">\u00d6zellikle Y\u00fcksekte \u00c7al\u0131\u015fma \u00fcr\u00fcnleri pazar\u0131nda Kalitesi ve \u00dcr\u00fcn \u00e7e\u015fitlili\u011fi ile \u00f6ne \u00e7\u0131kan Irudek Grup b\u00fcnyesinde ayr\u0131ca; Kazazede Kurtarma Ekipmanlar\u0131, End\u00fcstriyel Solunum Koruyucular, Ba\u015f\/Y\u00fcz\/G\u00f6z Koruma ekipmanlar\u0131, \u0130\u015fitme Koruma, Kaynaktan Korunma gibi neredeyse t\u00fcm Ki\u015fisel Koruyucu \u00dcr\u00fcn gruplar\u0131 konusunda geni\u015f bir portf\u00f6ye sahiptir.<\/span><\/h3>\n<p><\/div><\/div>[\/vc_column][vc_column width=&#8221;1\/2&#8243;][vc_gallery interval=&#8221;5&#8243; images=&#8221;13964,13907,13915,13911,13899,13901,13903,13905,13909&#8243; img_size=&#8221;445&#215;445&#8243; onclick=&#8221;img_link_large&#8221; custom_links_target=&#8221;_blank&#8221;][\/vc_column][\/vc_row][vc_row][vc_column][vc_separator border_width=&#8221;2&#8243;][\/vc_column][\/vc_row][vc_row][vc_column][vc_separator border_width=&#8221;2&#8243;][\/vc_column][\/vc_row][vc_row][vc_column width=&#8221;1\/2&#8243;]<div class=\"porto-u-heading\" data-hspacer=\"no_spacer\" data-halign=\"center\" style=\"text-align:center\"><div class=\"porto-u-main-heading\"><h2 style=\"\">4SON Safety SAFETYLINK T\u00fcrkiye Distrib\u00fct\u00f6r\u00fc<\/h2><\/div><div class=\"porto-u-sub-heading\" style=\"\">\n<h3><span style=\"font-size: 18px;\">4SON Safety D\u00fc\u015f\u00fc\u015f Koruma Ya\u015fam Hatlar\u0131, Ankrajlar ve Di\u011fer D\u00fc\u015f\u00fc\u015f Durdurucu Ki\u015fisel Koruyucular konusunda Yenilik\u00e7i bak\u0131\u015f a\u00e7\u0131s\u0131 ile \u0130novatif \u00fcr\u00fcnler yaratan SAFETYLINK Fall Protection Avustralya T\u00fcrkiye Genel Distrib\u00fct\u00f6r\u00fc olmu\u015ftur. SafetyLink d\u00fc\u015f\u00fc\u015f durdurma \u00fcr\u00fcnleri katalo\u011funa ula\u015fmak i\u00e7in <a href=\"https:\/\/4sonsafety.com\/wp-content\/uploads\/2020\/06\/SafetyLink-Catalogue-2020.pdf\" target=\"_blank\" rel=\"noopener\">t\u0131klay\u0131n\u0131z.<\/a><\/span><\/h3>\n<p><a href=\"https:\/\/www.4sonsafety.com\/?page_id=14081\" target=\"_blank\" rel=\"noopener\"><span style=\"color: #ff0000; font-size: 22px;\">SAFETY L\u0130NK YATAY YA\u015eAM HATLARI<\/span><\/a><\/p>\n<h3><span style=\"font-size: 18px;\">\u00d6zellikle Binalar, Fabrikalar ve \u00c7e\u015fitli alanlarda \u00e7at\u0131 ve di\u011fer y\u00fcksekte \u00e7al\u0131\u015fma risklerinizin tespiti, projelendirmesi i\u00e7in bizimle irtibata ge\u00e7in. \u00dccretsiz ke\u015fif ve projelendirme hizmetimizden faydalanmak i\u00e7in +90 216 471 37 11 numaral\u0131 hatt\u0131m\u0131zdan bize ula\u015fabilirsiniz.<\/span><\/h3>\n<p><\/div><\/div>[\/vc_column][vc_column width=&#8221;1\/2&#8243;][vc_gallery interval=&#8221;3&#8243; images=&#8221;13983,13967,13969,13971,13973,13975,13977,13979,13981&#8243; img_size=&#8221;445&#215;445&#8243; onclick=&#8221;img_link_large&#8221; custom_links_target=&#8221;_blank&#8221;][\/vc_column][\/vc_row][vc_row full_width=&#8221;stretch_row&#8221; equal_height=&#8221;yes&#8221; wrap_container=&#8221;yes&#8221; is_section=&#8221;yes&#8221; show_divider=&#8221;yes&#8221; show_divider_icon=&#8221;yes&#8221; divider_color=&#8221;#efefef&#8221;][vc_column]<div class=\"porto-u-heading\" data-hspacer=\"no_spacer\" data-halign=\"left\" style=\"text-align:left\"><div class=\"porto-u-main-heading\"><h2 style=\"font-weight:bold;color:#626c6e;margin-bottom: 30px;font-size:30px;line-height:34px;\">Do\u011fru kullan\u0131m i\u00e7in do\u011fru ekipman.<\/h2><\/div><div class=\"porto-u-sub-heading\" style=\"font-weight:500;margin-bottom:30px;font-size:20px;line-height:22px;\">Y\u00fcksekte \u00e7al\u0131\u015f\u0131yorsunuz&#8230; Ama do\u011fru kullan\u0131m i\u00e7in do\u011fru ekipman kulland\u0131\u011f\u0131n\u0131zdan emin misiniz?<\/p>\n<p>Ankraj d\u00fc\u015f\u00fc\u015f durdurucu sistem i\u00e7in g\u00fcvenli bir ba\u011flant\u0131 noktas\u0131 anlam\u0131 ta\u015f\u0131r. Ankraj end\u00fcstriye, yap\u0131lan i\u015fe, kurulum t\u00fcr\u00fc ve mevcut yap\u0131ya g\u00f6re de\u011fi\u015fir. Ankraj ba\u011flant\u0131s\u0131 t\u00fcm sistemin yap\u0131ya ba\u011fl\u0131 olmas\u0131n\u0131 sa\u011flar.<\/p>\n<p>Tam v\u00fccut emniyet kemeri bireysel d\u00fc\u015f\u00fc\u015f durdurucu sistem i\u00e7in \u00e7al\u0131\u015fan \u00fczerinde bir ba\u011flant\u0131 noktas\u0131 sa\u011fl\u0131yor. Uygulamaya g\u00f6re, \u00e7al\u0131\u015fan\u0131 d\u00fc\u015f\u00fc\u015ften korumak i\u00e7in sistemin bir par\u00e7as\u0131 olarak kullan\u0131labilirler.<\/p>\n<p>Ba\u011flant\u0131lar \u00e7al\u0131\u015fan\u0131n tam v\u00fccut emniyet kemerini ankraj sistemine ba\u011flamak i\u00e7in kullan\u0131l\u0131r. Ba\u011flant\u0131lar; lanyardlar, karabinalar, yava\u015flatma cihazlar\u0131, geri sar\u0131ml\u0131 d\u00fc\u015f\u00fc\u015f durdurucular, merdiven t\u0131rmanma sistemleri, dikey ya\u015fam hatlar\u0131 ve halatlar gibi \u00f6zel m\u00fchendislik \u00e7\u00f6z\u00fcmlerini i\u00e7erir.<\/p>\n<p>D\u00fc\u015fm\u00fc\u015f bir i\u015f\u00e7inin \u00e7\u0131kar\u0131lmas\u0131 ve kurtar\u0131lmas\u0131 her D\u00fc\u015f\u00fc\u015f Koruma Program\u0131n\u0131n gerekli bir par\u00e7as\u0131d\u0131r.<\/div><\/div><div class=\"porto-btn-ctn-center \"><a class=\"porto-btn  vc_custom_1607520523824 porto-adjust-bottom-margin porto-btn-block porto-btn-fade-bg  porto-btn-center \"  rel='' href = \"http:\/\/www.4sonsafety.com\/?page_id=1939\"  data-hover=\"#000000\" data-border-color=\"\" data-bg=\"#ff7065\" data-hover-bg=\"#ff7065\" data-border-hover=\"\" data-shadow-click=\"none\" data-shadow=\"\" style=\"font-weight:bold;font-size:22px;line-height:26px;border:none;background: #ff7065;color: #ffffff;\"><span class=\"porto-btn-hover\" style=\"background-color:#ff7065\"><\/span><span class=\"porto-btn-data porto-btn-text \" >4Son Safety Kataloglar<\/span><\/a><\/div>[\/vc_column][\/vc_row][vc_row][vc_column width=&#8221;1\/3&#8243;]<div class=\"porto-sicon-box style_1 default-icon flex-wrap\"><div class=\"porto-sicon-default\"><div id=\"porto-icon-182073963569e37b292aa44\" class=\"porto-just-icon-wrapper\" style=\"text-align:center;\">\n<div class=\"porto-icon none \"  style=\"color:#0088cc;font-size:40px;display:inline-block;\">\n\t<i class=\"Simple-Line-Icons-earphones-alt\"><\/i>\n<\/div><\/div><\/div><div class=\"porto-sicon-header\" ><h3 class=\"porto-sicon-title\" style=\"\">\u00dcR\u00dcN DESTE\u011e\u0130<\/h3><p>Bilgiye \u0130htiya\u00e7 Duyuyorsan\u0131z Aray\u0131n.<\/p><\/div> <!-- header --><div class=\"porto-sicon-description\" style=\"\">Ya\u015fam Hatlar\u0131, Y\u00fcksekte \u00c7al\u0131\u015fma, Kurtarma ve Ki\u015fisel Koruyucu \u00fcr\u00fcnleri konusunda teknik destek ve bilgilendirilmeye ihtiya\u00e7 duyuyorsan\u0131z bizi arayabilirsiniz.<\/p>\n<p><span style=\"color: #ff0000; font-size: 20px;\"><strong>+90 216 471 37 11<\/strong><\/span><\/div> <!-- description --><\/div> <!-- porto-sicon-box -->[\/vc_column][vc_column width=&#8221;1\/3&#8243;]<div class=\"porto-sicon-box style_1 default-icon flex-wrap\"><div class=\"porto-sicon-default\"><div id=\"porto-icon-64799194469e37b292adcf\" class=\"porto-just-icon-wrapper\" style=\"text-align:center;\">\n<div class=\"porto-icon none \" data-appear-animation=\"bounce\" style=\"color:#0088cc;font-size:40px;display:inline-block;\">\n\t<i class=\"Simple-Line-Icons-wrench\"><\/i>\n<\/div><\/div><\/div><div class=\"porto-sicon-header\" ><h3 class=\"porto-sicon-title\" style=\"\">SERV\u0130S DESTE\u011e\u0130<\/h3><p>Teknik Servis Yedek Par\u00e7a Deste\u011fi<\/p><\/div> <!-- header --><div class=\"porto-sicon-description\" style=\"\">Tecr\u00fcbeli ekibimiz ile KKD \u00fcr\u00fcnleri Periyodik Muayene, Yetkili Teknik Servis ve Yedek Par\u00e7a Deste\u011fi konusunda ihtiya\u00e7lar\u0131n\u0131z\u0131 kar\u015f\u0131l\u0131yoruz.<\/div> <!-- description --><\/div> <!-- porto-sicon-box -->[\/vc_column][vc_column width=&#8221;1\/3&#8243;]<div class=\"porto-sicon-box style_1 default-icon flex-wrap\"><div class=\"porto-sicon-default\"><div id=\"porto-icon-60294683069e37b292b11a\" class=\"porto-just-icon-wrapper\" style=\"text-align:center;\">\n<div class=\"porto-icon none \" data-appear-animation=\"pulse\" style=\"color:#ed3700;font-size:40px;display:inline-block;\">\n\t<i class=\"Simple-Line-Icons-note\"><\/i>\n<\/div><\/div><\/div><div class=\"porto-sicon-header\" ><h3 class=\"porto-sicon-title\" style=\"\">PROJELEND\u0130RME VE TEKL\u0130F<\/h3><p>\u00dccretsiz Projelendirme ve Teklif<\/p><\/div> <!-- header --><div class=\"porto-sicon-description\" style=\"\">Yatay ve Dikey Ya\u015fam Hatlar\u0131 konusunda ihtiya\u00e7lar\u0131n belirlenmesi, projelendirme ve teklif hizmetleri konusunda \u00fccretsiz hizmet almak i\u00e7in aray\u0131n.<\/p>\n<p><span style=\"color: #ff0000; font-size: 20px;\"><strong>info@4sonsafety.com<\/strong><\/span><\/div> <!-- description --><\/div> <!-- porto-sicon-box -->[\/vc_column][\/vc_row]<\/p>\n","protected":false},"excerpt":{"rendered":"<p>[vc_row][vc_column][vc_separator border_width=&#8221;2&#8243;][\/vc_column][\/vc_row][vc_row][vc_column width=&#8221;1\/2&#8243;][\/vc_column][vc_column width=&#8221;1\/2&#8243;][vc_video link=&#8221;https:\/\/www.youtube.com\/watch?v=m8i2KNoVfW8&#8243; align=&#8221;center&#8221;][\/vc_column][\/vc_row][vc_row][vc_column][vc_separator border_width=&#8221;2&#8243;][\/vc_column][\/vc_row][vc_row][vc_column width=&#8221;1\/2&#8243;][\/vc_column][vc_column width=&#8221;1\/2&#8243;][vc_gallery interval=&#8221;5&#8243; images=&#8221;13964,13907,13915,13911,13899,13901,13903,13905,13909&#8243; img_size=&#8221;445&#215;445&#8243; onclick=&#8221;img_link_large&#8221; custom_links_target=&#8221;_blank&#8221;][\/vc_column][\/vc_row][vc_row][vc_column][vc_separator border_width=&#8221;2&#8243;][\/vc_column][\/vc_row][vc_row][vc_column][vc_separator border_width=&#8221;2&#8243;][\/vc_column][\/vc_row][vc_row][vc_column width=&#8221;1\/2&#8243;][\/vc_column][vc_column width=&#8221;1\/2&#8243;][vc_gallery interval=&#8221;3&#8243; images=&#8221;13983,13967,13969,13971,13973,13975,13977,13979,13981&#8243; img_size=&#8221;445&#215;445&#8243; onclick=&#8221;img_link_large&#8221; custom_links_target=&#8221;_blank&#8221;][\/vc_column][\/vc_row][vc_row full_width=&#8221;stretch_row&#8221; equal_height=&#8221;yes&#8221; wrap_container=&#8221;yes&#8221; is_section=&#8221;yes&#8221; show_divider=&#8221;yes&#8221; show_divider_icon=&#8221;yes&#8221; divider_color=&#8221;#efefef&#8221;][vc_column][\/vc_column][\/vc_row][vc_row][vc_column width=&#8221;1\/3&#8243;][\/vc_column][vc_column width=&#8221;1\/3&#8243;][\/vc_column][vc_column width=&#8221;1\/3&#8243;][\/vc_column][\/vc_row]<\/p>\n","protected":false},"author":1,"featured_media":0,"parent":0,"menu_order":5,"comment_status":"closed","ping_status":"closed","template":"","meta":{"footnotes":""},"_links":{"self":[{"href":"https:\/\/www.4sonsafety.com\/index.php?rest_route=\/wp\/v2\/pages\/1698"}],"collection":[{"href":"https:\/\/www.4sonsafety.com\/index.php?rest_route=\/wp\/v2\/pages"}],"about":[{"href":"https:\/\/www.4sonsafety.com\/index.php?rest_route=\/wp\/v2\/types\/page"}],"author":[{"embeddable":true,"href":"https:\/\/www.4sonsafety.com\/index.php?rest_route=\/wp\/v2\/users\/1"}],"replies":[{"embeddable":true,"href":"https:\/\/www.4sonsafety.com\/index.php?rest_route=%2Fwp%2Fv2%2Fcomments&post=1698"}],"version-history":[{"count":51,"href":"https:\/\/www.4sonsafety.com\/index.php?rest_route=\/wp\/v2\/pages\/1698\/revisions"}],"predecessor-version":[{"id":14457,"href":"https:\/\/www.4sonsafety.com\/index.php?rest_route=\/wp\/v2\/pages\/1698\/revisions\/14457"}],"wp:attachment":[{"href":"https:\/\/www.4sonsafety.com\/index.php?rest_route=%2Fwp%2Fv2%2Fmedia&parent=1698"}],"curies":[{"name":"wp","href":"https:\/\/api.w.org\/{rel}","templated":true}]}}